*2 + 28*b + 9. List the prime factors of g(y).
2, 127
Suppose 0 = 2*l + 5*f - f + 20, 25 = -2*l - 5*f. Let z be (l - (0 + 1))/(-1). List the prime factors of (16*z)/2 + -7 + 9.
2, 5
Let x(p) = p**3 + 6*p**2 - 11*p + 38. Let b be x(6). Suppose -5*i = -2*z - 2171, i - b - 37 = -3*z. List the prime factors of i.
3, 5, 29
Let a(y) = -13 + 3*y + 113*y**3 + 27 - 3*y**2 - 15. Let d be a(1). Suppose -d - 40 = -2*f. What are the prime factors of f?
2, 19
Suppose -105*u + 16*u = -623. Let c = -5 - -8. Suppose u*a - 220 = c*a. List the prime factors of a.
5, 11
Let r be 10/(60/294) - -6. Suppose 0 = -3*q + 373 + 233. Suppose 56*m - q = r*m. List the prime factors of m.
2, 101
Suppose a - 5*l = 2 + 15, 0 = 4*a - 4*l - 116. Let v = -28 + a. Suppose 2*b = -2*u + 120, u + b - v*b - 60 = 0. What are the prime factors of u?
2, 3, 5
Let h = -63 - -68. Suppose -138 = -h*w + 4*s + 19, 0 = 2*w + 5*s - 43. Suppose -5*c + w - 9 = -4*u, 0 = -c - 5*u + 33. List the prime factors of c.
2
Let t(s) be the first derivative of -57*s**2/2 - 127*s + 26. List the prime factors of t(-18).
29, 31
Suppose v + 118 = 28. Suppose 3*y - 3*n + 669 = 0, 0 = 9*n + 60 - 15. Let f = v - y. What are the prime factors of f?
2, 3, 23
Suppose -3*m + 4*z + 2462 = 0, 266 = m - z - 553. Suppose -3*c + 4177 = m. What are the prime factors of c?
19, 59
Let c(q) = -q**3 - 24*q**2 - 7*q - 52. Let b be c(-24). Suppose p - b = 112. What are the prime factors of p?
2, 3, 19
Let z(l) = 32*l**2 + 47*l**3 - 14*l**2 - 15*l**2 + 42 - 36*l**3. What are the prime factors of z(5)?
2, 373
Let f = -12818 + 18195. What are the prime factors of f?
19, 283
Let u = -27 - -30. Suppose b + a + u = -a, 3*b = 2*a - 25. What are the prime factors of (1430/77 - 3/b) + 3?
2, 11
Let h = 7 + -7. Suppose h = y + 2*p - 291, -1427 = -5*y - 4*p - 2. Let i = y + -184. List the prime factors of i.
97
Let g = -13 + 235. Suppose -l + 442 = -g. What are the prime factors of l?
2, 83
Suppose 112 = -9*g + 184. What are the prime factors of g/4 - 3*(-655)/15?
7, 19
Let g = -27100 + 46743. List the prime factors of g.
13, 1511
Suppose -89*v + 147888 + 31502 = -93217. What are the prime factors of v?
3, 1021
Let j(m) = 89*m - 1. Let g be j(-2). Let i = 2212 - 2543. Let u = g - i. What are the prime factors of u?
2, 19
Suppose 24*q + 24431 = 432239. What are the prime factors of q?
2, 3, 59
Let k(v) = -7*v**3 - 2*v**2 - 4*v - 10. Let p(s) = 2*s**3 + s**2 - 1. Let m(n) = -k(n) - 4*p(n). List the prime factors of m(-4).
2, 3, 5
Let u(v) = -6*v + 102. Let y be (1 + (-1)/2)*(40 - 78). List the prime factors of u(y).
2, 3
Let x(g) = -6*g**2 - 9*g - 3. Let p be x(-3). List the prime factors of (280/(-175))/(2/p).
2, 3
Let q be -7 - ((35/(-25))/((-4)/(-20)) + 2). Let f(h) = 4 + 2 - 42*h + 6. List the prime factors of f(q).
2, 3
Let l be 15/(-105) + (-22)/(-7). Suppose -531 = -3*i - 3*s - 108, l*i = -4*s + 419. List the prime factors of i.
5, 29
Suppose 0*y - 55 = -5*y. Suppose -2 = 10*x - y*x. Suppose -x*f - 53 = -215. What are the prime factors of f?
3
Suppose 10 = -3*b - 2, -v = -4*b - 52. What are the prime factors of (1/4)/(3/v)?
3
Suppose 0*h + 5*h - 499 = 4*s, -h - 127 = s. Let a be ((-18)/10 - -2) + (-141)/5. Let f = a - s. List the prime factors of f.
2, 7
Suppose -57*z - 17*z = 86*z - 2779840. What are the prime factors of z?
2, 7, 17, 73
Suppose 490409 + 1089153 - 542292 = 79*r. What are the prime factors of r?
2, 5, 13, 101
Suppose 437*i = 401*i + 2488716. What are the prime factors of i?
73, 947
Suppose 1352760 + 235152 = 24*x. List the prime factors of x.
109, 607
Let h(p) = p**3 - 19*p**2 - 36*p + 5. Let x be h(21). Let o(j) = 3*j + 7. Let m be o(10). Let r = x - m. List the prime factors of r.
2, 47
Suppose 8*p - 753 = -5713. Let s = p + 655. What are the prime factors of s?
5, 7
Let t(b) = b. Let v(d) = 2*d + 14. Let g(z) = -2*t(z) - v(z). Let s be g(-8). Let c = s + -7. List the prime factors of c.
11
Let a = 9889 + 21030. List the prime factors of a.
7, 631
Suppose 2*w - 5*a + 8 + 3 = 0, -2*a = 2*w - 10. Suppose 0 = 2*s - 4*u - 138, -w*u - 117 - 98 = -3*s. List the prime factors of s.
73
Suppose 2*j - 3*v = 12988, 5 - 1 = 2*v. List the prime factors of j.
73, 89
Let n be (-1)/(-2)*(-4 - -8). Let k be (2/(-3))/((-1)/(-3)). What are the prime factors of (-31620)/(-135) - n/(-18)*k?
2, 3, 13
Suppose 157 = 4*g - 3*m - 2*m, -4*g + 152 = -4*m. Let x = g + -146. Let c = x - -243. List the prime factors of c.
2, 5, 13
Suppose 2*k - 123 = -k. Suppose 9 = -5*h - k. List the prime factors of (-1152)/(-14) + h/35.
2, 41
Let l(f) = -3*f + 36. Suppose -40 = -2*t - 4*k, -5*k - 44 = -5*t - k. Let w be l(t). Suppose w = -3*c + 201 - 0. List the prime factors of c.
67
Let x be (33*((-224)/3)/8)/(-2). Suppose x*m - 162*m + 720 = 0. List the prime factors of m.
2, 3, 5
Let a(q) be the first derivative of 5*q**2 + 9*q + 44. Let k(b) = b**3 + b**2 - 3*b - 1. Let r be k(2). What are the prime factors of a(r)?
59
Suppose 143*z - 170*z = -1468125. List the prime factors of z.
3, 5, 29
Suppose 33*u + 1569 = 315. Suppose -91 = y - c, -5*y - c = -2*y + 281. Let t = u - y. List the prime factors of t.
5, 11
Suppose 76*u - 288286 - 84814 = 51*u. What are the prime factors of u?
2, 7, 13, 41
Let o(c) = 30*c - 228. Let t be o(7). What are the prime factors of (-189)/t*(-40)/(-3)?
2, 5, 7
Let v(r) = 12*r**2 - 5*r + 44. Let t be v(4). What are the prime factors of (3/(-5) + t/(-240))*-166?
3, 83
Let r be 2*(-3)/6 - 36/(-12). Suppose r*u + 3*v - 527 = u, 2134 = 4*u - v. What are the prime factors of u?
13, 41
Suppose -4*o - 2 = 2. Let r be (3 - 95/15)*6/o. Let y = r + 12. What are the prime factors of y?
2
Let v be (8 + -11)/((-1 - 2)/(-9)). What are the prime factors of ((-291)/v - 1)/(18/189)?
7, 47
List the prime factors of (-9)/3*(1/(-2))/(186/2144332).
17293
Let z(r) = -20*r + 21. Let u(a) = 2*a**2 + 8*a - 2. Suppose 13 - 52 = 13*x. Let p be u(x). List the prime factors of z(p).
181
List the prime factors of 130906/3 + 1/(-8 - -5).
3, 5, 2909
Suppose -897*y + 887*y = -28640. What are the prime factors of y?
2, 179
Suppose n + 14 = 4*a, 0 = -5*a - 2*n - 2*n + 7. Suppose -a*u - c + 137 = c, -u + 24 = 5*c. Suppose -v + 21 = -u. What are the prime factors of v?
2, 5, 7
Suppose -78 = -4*u + 2*l, u - 2*u = 4*l - 42. Suppose 27*d = u*d + 10. Suppose -s + 0*s + 243 = 5*t, 4*t + d*s = 192. What are the prime factors of t?
7
Suppose 0 = -l + 5*j + 313, 3*l + 2*j - 951 = 5*j. Suppose 3*b + 5*o = 899, 4*o + l = b + 2*o. What are the prime factors of b?
2, 7, 11
Suppose 49*h - 48*h + 1854 = 0. What are the prime factors of (-6)/12 - h/4?
463
Let h(u) = -8*u - 19. Suppose -196*m + 190*m = 90. What are the prime factors of h(m)?
101
Let n = -1592 + 2456. Let d = -467 + n. Suppose 4*y - w = d, -3*y + 2*y + 4*w = -118. List the prime factors of y.
2, 7
Suppose -17*t = 2*t + 114. What are the prime factors of (-1467 - 5)/(-4) - t?
2, 11, 17
Suppose 303*w + 153720 = 318*w. What are the prime factors of w?
2, 3, 7, 61
Let w(m) = -2345*m + 225. Let o be w(-7). Suppose 0 = 8*z + 12*z - o. List the prime factors of z.
2, 13
Let p = -78 + 71. Let i(m) = 7*m**2 - 5*m - 85. What are the prime factors of i(p)?
293
Suppose -m = m - 48. Suppose 0 = -3*i - 3 + 3. Suppose i = -3*v + 63 + m. List the prime factors of v.
29
Let f be (-118)/((78/24)/(-13)). Let n = 739 - f. List the prime factors of n.
3, 89
Let x = -13931 - -32276. List the prime factors of x.
3, 5, 1223
Let m(v) be the third derivative of 13/60*v**5 + 0*v - 20*v**2 + 0 - 4/3*v**3 + 1/24*v**4. List the prime factors of m(3).
2, 7
Let c = 141 - 138. Suppose c*m + n = 278, -3*m - 8*n + 258 = -11*n. What are the prime factors of m?
7, 13
Let k = -140 + 263. Suppose 1620 = k*g - 113*g. What are the prime factors of g?
2, 3
List the prime factors of (2765191/951)/(1/3).
11, 13, 61
Suppose -1 - 5 = 2*u. Let i be (u + (-6)/(-2))/(4 - 3). Suppose 4*r = -i*r + 296. List the prime factors of r.
2, 37
Let r(f) = -3*f**2 + 6*f**2 + 3*f**3 - 1 - 2*f**3 - f. Let z be r(-3). List the prime factors of -4 - ((-6)/z - 35).
2, 17
Let o(m) = 162*m**2 + 156*m + 2293. What are the prime factors of o(-15)?
59, 617
Let d(v) be the first derivative of v**3 - 17*v**2/2 - 129*v + 190. What are the prime factors of d(-7)?
137
What are the prime 